{"id":4243,"date":"2023-11-04T03:11:09","date_gmt":"2023-11-04T02:11:09","guid":{"rendered":"https:\/\/ojaslo.fr\/?page_id=4243"},"modified":"2025-12-21T21:10:45","modified_gmt":"2025-12-21T20:10:45","slug":"epilation-au-fil","status":"publish","type":"page","link":"https:\/\/ojaslo.fr\/index.php\/epilation-au-fil\/","title":{"rendered":"\u00c9pilation au fil"},"content":{"rendered":"<p>[vc_row][vc_column][vc_empty_space]<div class=\"mkdf-section-title-holder \" >\n\t<div class=\"mkdf-st-inner\">\n\t\t\t\t\t\t\t<\/div>\n<\/div>[vc_empty_space][\/vc_column][\/vc_row][vc_row][vc_column]<div class=\"mkdf-iwt clearfix  mkdf-iwt-icon-top mkdf-iwt-icon-tiny\">\n\t<div class=\"mkdf-iwt-icon\">\n\t\t\t\t\t\t\t\t\t<img loading=\"lazy\" decoding=\"async\" width=\"116\" height=\"116\" src=\"https:\/\/ojaslo.fr\/wp-content\/uploads\/2023\/10\/logo-mobile-color.png\" class=\"attachment-full size-full\" alt=\"\" srcset=\"https:\/\/ojaslo.fr\/wp-content\/uploads\/2023\/10\/logo-mobile-color.png 116w, https:\/\/ojaslo.fr\/wp-content\/uploads\/2023\/10\/logo-mobile-color-100x100.png 100w\" sizes=\"auto, (max-width: 116px) 100vw, 116px\" \/>\t\t\t\t\t\t<\/div>\n\t<div class=\"mkdf-iwt-content\" >\n\t\t\t\t\t\t\t\t\t<p class=\"mkdf-iwt-text\" >L&#039;\u00e9pilation au fil, une pratique raffin\u00e9e d&#039;origine indienne, sculpte les sourcils avec une pr\u00e9cision remarquable en utilisant un simple fil de coton torsad\u00e9. Cette technique ancestrale, id\u00e9ale pour les peaux sensibles, retire doucement les poils \u00e0 la racine, ce qui minimise l&#039;irritation et retarde la repousse. En parfaite harmonie avec la forme naturelle des sourcils, elle r\u00e9v\u00e8le un regard pur et d\u00e9fini, sublimant ainsi la beaut\u00e9 naturelle du visage.<\/p>\n\t\t\t<\/div>\n<\/div>[vc_empty_space height=\u00a0\u00bb50px\u00a0\u00bb][\/vc_column][\/vc_row][vc_row][vc_column width=\u00a0\u00bb1\/3&Prime;][vc_empty_space height=\u00a0\u00bb65px\u00a0\u00bb][\/vc_column][vc_column width=\u00a0\u00bb1\/3&Prime;]<div class=\"mkdf-elements-holder   mkdf-one-column  mkdf-responsive-mode-768 \" ><div class=\"mkdf-eh-item    \"  data-item-class=\"mkdf-eh-custom-6806\" data-769-1024=\"0 3.5% 0 0\" data-681-768=\"0 0 0 0\" data-680=\"0 0 0 0\">\n\t<div class=\"mkdf-eh-item-inner\">\n\t\t<div class=\"mkdf-eh-item-content mkdf-eh-custom-6806\" style=\"padding: 0 3.5% 0 80px\">\n\t\t\t<div class=\"mkdf-pricing-list clearfix mkdf-pli-normal-space\">\n\t\t<div class=\"mkdf-pl-wrapper\">\n\t\t<div class=\"mkdf-pricing-list-item clearfix  \">\n\t<div class=\"mkdf-pli-content clearfix\">\n\t\t\t\t\t<div class=\"mkdf-pli-title-holder\">\n\t\t\t\t<a class=\"mkdf-pricing-list-item-link\" itemprop=\"url\" target=\"_self\" href=\"\">\n\t\t\t\t\t<h5 itemprop=\"name\" class=\"mkdf-pli-title entry-title\" >\n\t\t\t\t\t\tSourcils\t\t\t\t\t<\/h5>\n\t\t\t\t<\/a>\n\t\t\t\t\t\t\t\t\t<div class=\"mkdf-pli-price-holder\">\n                            <h5 class=\"mkdf-pli-price\" >\n                                <span>15\u20ac<\/span>\n                            <\/h5>\n\t\t\t\t\t<\/div>\n\t\t\t\t\t\t\t<\/div>\n\t\t\t\t<div class=\"mkdf-pli-bottom-content\">\n\t\t\t\t\t<\/div>\n\t\t<div class=\"mkdf-pli-separator\" ><\/div>\n\t<\/div>\n<\/div><div class=\"mkdf-pricing-list-item clearfix  \">\n\t<div class=\"mkdf-pli-content clearfix\">\n\t\t\t\t\t<div class=\"mkdf-pli-title-holder\">\n\t\t\t\t<a class=\"mkdf-pricing-list-item-link\" itemprop=\"url\" target=\"_self\" href=\"\">\n\t\t\t\t\t<h5 itemprop=\"name\" class=\"mkdf-pli-title entry-title\" >\n\t\t\t\t\t\tL\u00e8vres ou menton\t\t\t\t\t<\/h5>\n\t\t\t\t<\/a>\n\t\t\t\t\t\t\t\t\t<div class=\"mkdf-pli-price-holder\">\n                            <h5 class=\"mkdf-pli-price\" >\n                                <span>10\u20ac<\/span>\n                            <\/h5>\n\t\t\t\t\t<\/div>\n\t\t\t\t\t\t\t<\/div>\n\t\t\t\t<div class=\"mkdf-pli-bottom-content\">\n\t\t\t\t\t<\/div>\n\t\t<div class=\"mkdf-pli-separator\" ><\/div>\n\t<\/div>\n<\/div><div class=\"mkdf-pricing-list-item clearfix  \">\n\t<div class=\"mkdf-pli-content clearfix\">\n\t\t\t\t\t<div class=\"mkdf-pli-title-holder\">\n\t\t\t\t<a class=\"mkdf-pricing-list-item-link\" itemprop=\"url\" target=\"_self\" href=\"\">\n\t\t\t\t\t<h5 itemprop=\"name\" class=\"mkdf-pli-title entry-title\" >\n\t\t\t\t\t\tCou\t\t\t\t\t<\/h5>\n\t\t\t\t<\/a>\n\t\t\t\t\t\t\t\t\t<div class=\"mkdf-pli-price-holder\">\n                            <h5 class=\"mkdf-pli-price\" >\n                                <span>5\u20ac<\/span>\n                            <\/h5>\n\t\t\t\t\t<\/div>\n\t\t\t\t\t\t\t<\/div>\n\t\t\t\t<div class=\"mkdf-pli-bottom-content\">\n\t\t\t\t\t<\/div>\n\t\t<div class=\"mkdf-pli-separator\" ><\/div>\n\t<\/div>\n<\/div><div class=\"mkdf-pricing-list-item clearfix  \">\n\t<div class=\"mkdf-pli-content clearfix\">\n\t\t\t\t\t<div class=\"mkdf-pli-title-holder\">\n\t\t\t\t<a class=\"mkdf-pricing-list-item-link\" itemprop=\"url\" target=\"_self\" href=\"\">\n\t\t\t\t\t<h5 itemprop=\"name\" class=\"mkdf-pli-title entry-title\" >\n\t\t\t\t\t\tJoues\t\t\t\t\t<\/h5>\n\t\t\t\t<\/a>\n\t\t\t\t\t\t\t\t\t<div class=\"mkdf-pli-price-holder\">\n                            <h5 class=\"mkdf-pli-price\" >\n                                <span>12\u20ac<\/span>\n                            <\/h5>\n\t\t\t\t\t<\/div>\n\t\t\t\t\t\t\t<\/div>\n\t\t\t\t<div class=\"mkdf-pli-bottom-content\">\n\t\t\t\t\t<\/div>\n\t\t<div class=\"mkdf-pli-separator\" ><\/div>\n\t<\/div>\n<\/div><div class=\"mkdf-pricing-list-item clearfix  \">\n\t<div class=\"mkdf-pli-content clearfix\">\n\t\t\t\t\t<div class=\"mkdf-pli-title-holder\">\n\t\t\t\t<a class=\"mkdf-pricing-list-item-link\" itemprop=\"url\" target=\"_self\" href=\"\">\n\t\t\t\t\t<h5 itemprop=\"name\" class=\"mkdf-pli-title entry-title\" >\n\t\t\t\t\t\tForfait visage\t\t\t\t\t<\/h5>\n\t\t\t\t<\/a>\n\t\t\t\t\t\t\t\t\t<div class=\"mkdf-pli-price-holder\">\n                            <h5 class=\"mkdf-pli-price\" >\n                                <span>30\u20ac<\/span>\n                            <\/h5>\n\t\t\t\t\t<\/div>\n\t\t\t\t\t\t\t<\/div>\n\t\t\t\t<div class=\"mkdf-pli-bottom-content\">\n\t\t\t\t\t\t\t<div class=\"mkdf-pli-desc\">\n\t\t\t\t\t<p >Sourcils, l\u00e8vres et menton<\/p>\n\t\t\t\t<\/div>\n\t\t\t\t\t<\/div>\n\t\t<div class=\"mkdf-pli-separator\" ><\/div>\n\t<\/div>\n<\/div>\t<\/div>\n<\/div>\t\t<\/div>\n\t<\/div>\n<\/div><\/div>[\/vc_column][vc_column width=\u00a0\u00bb1\/3&Prime;][vc_empty_space height=\u00a0\u00bb65px\u00a0\u00bb][\/vc_column][\/vc_row][vc_row row_content_width=\u00a0\u00bbgrid\u00a0\u00bb][vc_column]<div class=\"mkdf-masonry-gallery-holder mkdf-disable-bottom-space mkdf-predefined-layout mkdf-three-columns mkdf-small-space\">\n\t<div class=\"mkdf-mg-inner mkdf-outer-space\">\n\t\t<div class=\"mkdf-mg-grid-sizer\"><\/div>\n\t\t<div class=\"mkdf-mg-grid-gutter\"><\/div>\n\t\t\n<article class=\"mkdf-item-space mkdf-mg-item mkdf-mg-with-button mkdf-masonry-size-small mkdf-mg-skin-default\">\n\t<div class=\"mkdf-mg-item-inner\">\n\t\t\t<div class=\"mkdf-mg-item-image\">\n\t\t<div class=\"mkdf-mg-item-image-inner\" style=\"background-image: url(https:\/\/ojaslo.fr\/wp-content\/uploads\/2019\/01\/h2-img-9.jpg)\">\n\t\t\t<img loading=\"lazy\" decoding=\"async\" width=\"433\" height=\"433\" src=\"https:\/\/ojaslo.fr\/wp-content\/uploads\/2019\/01\/h2-img-9.jpg\" class=\"attachment-post-thumbnail size-post-thumbnail wp-post-image\" alt=\"a\" srcset=\"https:\/\/ojaslo.fr\/wp-content\/uploads\/2019\/01\/h2-img-9.jpg 433w, https:\/\/ojaslo.fr\/wp-content\/uploads\/2019\/01\/h2-img-9-300x300.jpg 300w, https:\/\/ojaslo.fr\/wp-content\/uploads\/2019\/01\/h2-img-9-100x100.jpg 100w, https:\/\/ojaslo.fr\/wp-content\/uploads\/2019\/01\/h2-img-9-150x150.jpg 150w\" sizes=\"auto, (max-width: 433px) 100vw, 433px\" \/>\t\t<\/div>\n\t<\/div>\n\t\t<div class=\"mkdf-mg-item-holder\" >\n\t\t\t<div class=\"mkdf-mg-item-wrapper\" style=\"background-color:#96cf94\" data-hover-bg-color=\"#86ba75\">\n\t\t\t\t<div class=\"mkdf-mg-item-content\">\n\t\t\t\t\t\t\t\t\t\t\t<h2 itemprop=\"name\" class=\"mkdf-mg-item-title entry-title\" style=\"color:#ffffff\">\n\tNaturel<\/h2>\n\t\t\t\t\t\t\t\t\t<\/div>\n\t\t\t<\/div>\n\t\t<\/div>\n\t<\/div>\n<\/article>\n<article class=\"mkdf-item-space mkdf-mg-item mkdf-mg-simple mkdf-masonry-size-small mkdf-mg-skin-default\">\n\t<div class=\"mkdf-mg-item-inner\">\n\t\t\t<div class=\"mkdf-mg-item-image\">\n\t\t<div class=\"mkdf-mg-item-image-inner\" style=\"background-image: url(https:\/\/ojaslo.fr\/wp-content\/uploads\/2023\/11\/epilation-fil-sourcils-ojaslo.jpg)\">\n\t\t\t<img loading=\"lazy\" decoding=\"async\" width=\"800\" height=\"800\" src=\"https:\/\/ojaslo.fr\/wp-content\/uploads\/2023\/11\/epilation-fil-sourcils-ojaslo.jpg\" class=\"attachment-post-thumbnail size-post-thumbnail wp-post-image\" alt=\"\u00e9pilation fil en cours\" srcset=\"https:\/\/ojaslo.fr\/wp-content\/uploads\/2023\/11\/epilation-fil-sourcils-ojaslo.jpg 800w, https:\/\/ojaslo.fr\/wp-content\/uploads\/2023\/11\/epilation-fil-sourcils-ojaslo-300x300.jpg 300w, https:\/\/ojaslo.fr\/wp-content\/uploads\/2023\/11\/epilation-fil-sourcils-ojaslo-150x150.jpg 150w, https:\/\/ojaslo.fr\/wp-content\/uploads\/2023\/11\/epilation-fil-sourcils-ojaslo-768x768.jpg 768w, https:\/\/ojaslo.fr\/wp-content\/uploads\/2023\/11\/epilation-fil-sourcils-ojaslo-650x650.jpg 650w, https:\/\/ojaslo.fr\/wp-content\/uploads\/2023\/11\/epilation-fil-sourcils-ojaslo-600x600.jpg 600w, https:\/\/ojaslo.fr\/wp-content\/uploads\/2023\/11\/epilation-fil-sourcils-ojaslo-100x100.jpg 100w\" sizes=\"auto, (max-width: 800px) 100vw, 800px\" \/>\t\t<\/div>\n\t<\/div>\n\t<\/div>\n<\/article>\n\n<article class=\"mkdf-item-space mkdf-mg-item mkdf-mg-with-button mkdf-masonry-size-small mkdf-mg-skin-default\">\n\t<div class=\"mkdf-mg-item-inner\">\n\t\t\t<div class=\"mkdf-mg-item-image\">\n\t\t<div class=\"mkdf-mg-item-image-inner\" style=\"background-image: url(https:\/\/ojaslo.fr\/wp-content\/uploads\/2019\/01\/h1-masonry-4.jpg)\">\n\t\t\t<img loading=\"lazy\" decoding=\"async\" width=\"960\" height=\"960\" src=\"https:\/\/ojaslo.fr\/wp-content\/uploads\/2019\/01\/h1-masonry-4.jpg\" class=\"attachment-post-thumbnail size-post-thumbnail wp-post-image\" alt=\"a\" srcset=\"https:\/\/ojaslo.fr\/wp-content\/uploads\/2019\/01\/h1-masonry-4.jpg 960w, https:\/\/ojaslo.fr\/wp-content\/uploads\/2019\/01\/h1-masonry-4-300x300.jpg 300w, https:\/\/ojaslo.fr\/wp-content\/uploads\/2019\/01\/h1-masonry-4-100x100.jpg 100w, https:\/\/ojaslo.fr\/wp-content\/uploads\/2019\/01\/h1-masonry-4-600x600.jpg 600w, https:\/\/ojaslo.fr\/wp-content\/uploads\/2019\/01\/h1-masonry-4-150x150.jpg 150w, https:\/\/ojaslo.fr\/wp-content\/uploads\/2019\/01\/h1-masonry-4-768x768.jpg 768w, https:\/\/ojaslo.fr\/wp-content\/uploads\/2019\/01\/h1-masonry-4-650x650.jpg 650w\" sizes=\"auto, (max-width: 960px) 100vw, 960px\" \/>\t\t<\/div>\n\t<\/div>\n\t\t<div class=\"mkdf-mg-item-holder\" style=\"padding:17%\">\n\t\t\t<div class=\"mkdf-mg-item-wrapper\" style=\"background-color:#96cf94\" data-hover-bg-color=\"#86ba75\">\n\t\t\t\t<div class=\"mkdf-mg-item-content\">\n\t\t\t\t\t\t\t\t\t\t\t<h2 itemprop=\"name\" class=\"mkdf-mg-item-title entry-title\" style=\"color:#ffffff\">\n\tD\u00e9licat<\/h2>\n\t\t\t\t\t\t\t\t\t<\/div>\n\t\t\t<\/div>\n\t\t<\/div>\n\t<\/div>\n<\/article>\n<article class=\"mkdf-item-space mkdf-mg-item mkdf-mg-simple mkdf-masonry-size-small mkdf-mg-skin-default\">\n\t<div class=\"mkdf-mg-item-inner\">\n\t\t\t<div class=\"mkdf-mg-item-image\">\n\t\t<div class=\"mkdf-mg-item-image-inner\" style=\"background-image: url(https:\/\/ojaslo.fr\/wp-content\/uploads\/2023\/11\/epilation-fil-ojaslo.jpg)\">\n\t\t\t<img loading=\"lazy\" decoding=\"async\" width=\"800\" height=\"800\" src=\"https:\/\/ojaslo.fr\/wp-content\/uploads\/2023\/11\/epilation-fil-ojaslo.jpg\" class=\"attachment-post-thumbnail size-post-thumbnail wp-post-image\" alt=\"rep\u00e8re ligne sourcils\" srcset=\"https:\/\/ojaslo.fr\/wp-content\/uploads\/2023\/11\/epilation-fil-ojaslo.jpg 800w, https:\/\/ojaslo.fr\/wp-content\/uploads\/2023\/11\/epilation-fil-ojaslo-300x300.jpg 300w, https:\/\/ojaslo.fr\/wp-content\/uploads\/2023\/11\/epilation-fil-ojaslo-150x150.jpg 150w, https:\/\/ojaslo.fr\/wp-content\/uploads\/2023\/11\/epilation-fil-ojaslo-768x768.jpg 768w, https:\/\/ojaslo.fr\/wp-content\/uploads\/2023\/11\/epilation-fil-ojaslo-650x650.jpg 650w, https:\/\/ojaslo.fr\/wp-content\/uploads\/2023\/11\/epilation-fil-ojaslo-600x600.jpg 600w, https:\/\/ojaslo.fr\/wp-content\/uploads\/2023\/11\/epilation-fil-ojaslo-100x100.jpg 100w\" sizes=\"auto, (max-width: 800px) 100vw, 800px\" \/>\t\t<\/div>\n\t<\/div>\n\t<\/div>\n<\/article>\n\n<article class=\"mkdf-item-space mkdf-mg-item mkdf-mg-with-button mkdf-masonry-size-small mkdf-mg-skin-light\">\n\t<div class=\"mkdf-mg-item-inner\">\n\t\t\t<div class=\"mkdf-mg-item-image\">\n\t\t<div class=\"mkdf-mg-item-image-inner\" style=\"background-image: url(https:\/\/ojaslo.fr\/wp-content\/uploads\/2019\/01\/h2-img-8.jpg)\">\n\t\t\t<img loading=\"lazy\" decoding=\"async\" width=\"433\" height=\"433\" src=\"https:\/\/ojaslo.fr\/wp-content\/uploads\/2019\/01\/h2-img-8.jpg\" class=\"attachment-post-thumbnail size-post-thumbnail wp-post-image\" alt=\"a\" srcset=\"https:\/\/ojaslo.fr\/wp-content\/uploads\/2019\/01\/h2-img-8.jpg 433w, https:\/\/ojaslo.fr\/wp-content\/uploads\/2019\/01\/h2-img-8-300x300.jpg 300w, https:\/\/ojaslo.fr\/wp-content\/uploads\/2019\/01\/h2-img-8-100x100.jpg 100w, https:\/\/ojaslo.fr\/wp-content\/uploads\/2019\/01\/h2-img-8-150x150.jpg 150w\" sizes=\"auto, (max-width: 433px) 100vw, 433px\" \/>\t\t<\/div>\n\t<\/div>\n\t\t<div class=\"mkdf-mg-item-holder\" >\n\t\t\t<div class=\"mkdf-mg-item-wrapper\" style=\"background-color:#f8b1b0\" data-hover-bg-color=\"#f48580\">\n\t\t\t\t<div class=\"mkdf-mg-item-content\">\n\t\t\t\t\t\t\t\t\t\t\t<h2 itemprop=\"name\" class=\"mkdf-mg-item-title entry-title\" >\n\tD\u00e9fini<\/h2>\n\t\t\t\t\t\t\t\t\t<\/div>\n\t\t\t<\/div>\n\t\t<\/div>\n\t<\/div>\n<\/article>\n<article class=\"mkdf-item-space mkdf-mg-item mkdf-mg-simple mkdf-masonry-size-small mkdf-mg-skin-default\">\n\t<div class=\"mkdf-mg-item-inner\">\n\t\t\t<div class=\"mkdf-mg-item-image\">\n\t\t<div class=\"mkdf-mg-item-image-inner\" style=\"background-image: url(https:\/\/ojaslo.fr\/wp-content\/uploads\/2023\/11\/epilation-fil-ojaslo-visage-e1701038804292.jpg)\">\n\t\t\t<img loading=\"lazy\" decoding=\"async\" width=\"800\" height=\"800\" src=\"https:\/\/ojaslo.fr\/wp-content\/uploads\/2023\/11\/epilation-fil-ojaslo-visage-e1701038804292.jpg\" class=\"attachment-post-thumbnail size-post-thumbnail wp-post-image\" alt=\"\u00e9pilation fil visage sourcils front\" srcset=\"https:\/\/ojaslo.fr\/wp-content\/uploads\/2023\/11\/epilation-fil-ojaslo-visage-e1701038804292.jpg 800w, https:\/\/ojaslo.fr\/wp-content\/uploads\/2023\/11\/epilation-fil-ojaslo-visage-e1701038804292-300x300.jpg 300w, https:\/\/ojaslo.fr\/wp-content\/uploads\/2023\/11\/epilation-fil-ojaslo-visage-e1701038804292-150x150.jpg 150w, https:\/\/ojaslo.fr\/wp-content\/uploads\/2023\/11\/epilation-fil-ojaslo-visage-e1701038804292-768x768.jpg 768w, https:\/\/ojaslo.fr\/wp-content\/uploads\/2023\/11\/epilation-fil-ojaslo-visage-e1701038804292-650x650.jpg 650w, https:\/\/ojaslo.fr\/wp-content\/uploads\/2023\/11\/epilation-fil-ojaslo-visage-e1701038804292-600x600.jpg 600w, https:\/\/ojaslo.fr\/wp-content\/uploads\/2023\/11\/epilation-fil-ojaslo-visage-e1701038804292-100x100.jpg 100w\" sizes=\"auto, (max-width: 800px) 100vw, 800px\" \/>\t\t<\/div>\n\t<\/div>\n\t<\/div>\n<\/article>\n\t<\/div>\n<\/div>[vc_empty_space][\/vc_column][\/vc_row][vc_row][vc_column][\/vc_column][\/vc_row]<\/p>\n","protected":false},"excerpt":{"rendered":"<p>[vc_row][vc_column][vc_empty_space][vc_empty_space][\/vc_column][\/vc_row][vc_row][vc_column][vc_empty_space height=\u00a0\u00bb50px\u00a0\u00bb][\/vc_column][\/vc_row][vc_row][vc_column width=\u00a0\u00bb1\/3&Prime;][vc_empty_space height=\u00a0\u00bb65px\u00a0\u00bb][\/vc_column][vc_column width=\u00a0\u00bb1\/3&Prime;][\/vc_column][vc_column width=\u00a0\u00bb1\/3&Prime;][vc_empty_space height=\u00a0\u00bb65px\u00a0\u00bb][\/vc_column][\/vc_row][vc_row row_content_width=\u00a0\u00bbgrid\u00a0\u00bb][vc_column][vc_empty_space][\/vc_column][\/vc_row][vc_row][vc_column][\/vc_column][\/vc_row]<\/p>\n","protected":false},"author":1,"featured_media":0,"parent":0,"menu_order":0,"comment_status":"closed","ping_status":"closed","template":"full-width.php","meta":{"footnotes":""},"class_list":["post-4243","page","type-page","status-publish","hentry"],"_links":{"self":[{"href":"https:\/\/ojaslo.fr\/index.php\/wp-json\/wp\/v2\/pages\/4243","targetHints":{"allow":["GET"]}}],"collection":[{"href":"https:\/\/ojaslo.fr\/index.php\/wp-json\/wp\/v2\/pages"}],"about":[{"href":"https:\/\/ojaslo.fr\/index.php\/wp-json\/wp\/v2\/types\/page"}],"author":[{"embeddable":true,"href":"https:\/\/ojaslo.fr\/index.php\/wp-json\/wp\/v2\/users\/1"}],"replies":[{"embeddable":true,"href":"https:\/\/ojaslo.fr\/index.php\/wp-json\/wp\/v2\/comments?post=4243"}],"version-history":[{"count":9,"href":"https:\/\/ojaslo.fr\/index.php\/wp-json\/wp\/v2\/pages\/4243\/revisions"}],"predecessor-version":[{"id":5307,"href":"https:\/\/ojaslo.fr\/index.php\/wp-json\/wp\/v2\/pages\/4243\/revisions\/5307"}],"wp:attachment":[{"href":"https:\/\/ojaslo.fr\/index.php\/wp-json\/wp\/v2\/media?parent=4243"}],"curies":[{"name":"wp","href":"https:\/\/api.w.org\/{rel}","templated":true}]}}