{"id":4693,"date":"2024-03-10T16:46:32","date_gmt":"2024-03-10T15:46:32","guid":{"rendered":"https:\/\/ojaslo.fr\/?page_id=4693"},"modified":"2024-03-28T21:54:52","modified_gmt":"2024-03-28T20:54:52","slug":"faq","status":"publish","type":"page","link":"https:\/\/ojaslo.fr\/index.php\/faq\/","title":{"rendered":"FAQ"},"content":{"rendered":"<p>[vc_row row_content_width=\u00a0\u00bbgrid\u00a0\u00bb simple_background_color=\u00a0\u00bb#ffffff\u00a0\u00bb css=\u00a0\u00bb.vc_custom_1710086263582{padding-top: 58px !important;padding-bottom: 32px !important;}\u00a0\u00bb][vc_column]<div class=\"mkdf-section-title-holder \" >\n\t<div class=\"mkdf-st-inner\">\n\t\t\t\t\t\t\t<h2 class=\"mkdf-st-title\" >\n\t\t\t\tUne question ?\t\t\t<\/h2>\n\t\t\t\t\t\t\t<p class=\"mkdf-st-text\" >\n\t\t\t\tUne liste des r\u00e9ponses aux questions les plus fr\u00e9quemment pos\u00e9es \u2013 Disponible ci-dessous.\t\t\t<\/p>\n\t\t\t<\/div>\n<\/div>[\/vc_column][\/vc_row][vc_row row_content_width=\u00a0\u00bbgrid\u00a0\u00bb][vc_column width=\u00a0\u00bb1\/2&Prime;]<div class=\"mkdf-accordion-holder mkdf-ac-default  mkdf-toggle mkdf-ac-simple  clearfix\">\n\t<h5 class=\"mkdf-accordion-title\">\n    <span class=\"mkdf-accordion-mark\">\n\t\t<span class=\"mkdf_icon_plus icon_plus\"><\/span>\n\t\t<span class=\"mkdf_icon_minus icon_minus-06\"><\/span>\n\t<\/span>\n\t<span class=\"mkdf-tab-title\">A qui s&#039;adressent mes massages ?<\/span>\n<\/h5>\n<div class=\"mkdf-accordion-content\">\n\t<div class=\"mkdf-accordion-content-inner\">\n\t\t[vc_column_text]<\/p>\n<p dir=\"auto\">-Des massages malaisien sont propos\u00e9s aux hommes et femmes d\u00e8s 18 ans<\/p>\n<p dir=\"auto\">-Des massages ayurv\u00e9diques sont propos\u00e9s aux enfants \u00e0 partir de 8 ans ainsi qu&rsquo;aux adultes.<\/p>\n<p dir=\"auto\">-Pour les sportifs, les personnes actives<\/p>\n<p dir=\"auto\">-Pour les personnes confront\u00e9es \u00e0 des douleurs musculaires, des maux de t\u00eate, de dos, des sensations de jambes lourdes, des troubles du sommeil, et autres<\/p>\n<p>[\/vc_column_text]\t<\/div>\n<\/div><\/div><div class=\"mkdf-accordion-holder mkdf-ac-default  mkdf-toggle mkdf-ac-simple  clearfix\">\n\t<h5 class=\"mkdf-accordion-title\">\n    <span class=\"mkdf-accordion-mark\">\n\t\t<span class=\"mkdf_icon_plus icon_plus\"><\/span>\n\t\t<span class=\"mkdf_icon_minus icon_minus-06\"><\/span>\n\t<\/span>\n\t<span class=\"mkdf-tab-title\">Je suis mineure. Puis-je faire un soin en Institut ?<\/span>\n<\/h5>\n<div class=\"mkdf-accordion-content\">\n\t<div class=\"mkdf-accordion-content-inner\">\n\t\t[vc_column_text]<\/p>\n<p dir=\"auto\">Les mineurs sont autoris\u00e9s sous r\u00e9serve de l&rsquo;accord des parents, lesquels doivent obligatoirement assister \u00e0 la s\u00e9ance.<\/p>\n<p>[\/vc_column_text]\t<\/div>\n<\/div><\/div><div class=\"mkdf-accordion-holder mkdf-ac-default  mkdf-toggle mkdf-ac-simple  clearfix\">\n\t<h5 class=\"mkdf-accordion-title\">\n    <span class=\"mkdf-accordion-mark\">\n\t\t<span class=\"mkdf_icon_plus icon_plus\"><\/span>\n\t\t<span class=\"mkdf_icon_minus icon_minus-06\"><\/span>\n\t<\/span>\n\t<span class=\"mkdf-tab-title\">Puis-je parler durant un massage?<\/span>\n<\/h5>\n<div class=\"mkdf-accordion-content\">\n\t<div class=\"mkdf-accordion-content-inner\">\n\t\t[vc_column_text]Durant votre massage, vous \u00eates libre d&rsquo;exprimer vos \u00e9motions, partager vos ressentis ou d\u00e9stresser en toute qui\u00e9tude. Je suis l\u00e0 pour r\u00e9pondre \u00e0 vos besoins ou vous accompagner dans le calme.[\/vc_column_text]\t<\/div>\n<\/div><\/div><div class=\"mkdf-accordion-holder mkdf-ac-default  mkdf-toggle mkdf-ac-simple  clearfix\">\n\t<h5 class=\"mkdf-accordion-title\">\n    <span class=\"mkdf-accordion-mark\">\n\t\t<span class=\"mkdf_icon_plus icon_plus\"><\/span>\n\t\t<span class=\"mkdf_icon_minus icon_minus-06\"><\/span>\n\t<\/span>\n\t<span class=\"mkdf-tab-title\">Dans quelle tenue recevoir un massage ?<\/span>\n<\/h5>\n<div class=\"mkdf-accordion-content\">\n\t<div class=\"mkdf-accordion-content-inner\">\n\t\t[vc_column_text]Les massages se d\u00e9roulent en sous-v\u00eatements. Pour plus de confort ou de chaleur, le corps peut \u00eatre partiellement couvert par une serviette.[\/vc_column_text]\t<\/div>\n<\/div><\/div><div class=\"mkdf-accordion-holder mkdf-ac-default  mkdf-toggle mkdf-ac-simple  clearfix\">\n\t<h5 class=\"mkdf-accordion-title\">\n    <span class=\"mkdf-accordion-mark\">\n\t\t<span class=\"mkdf_icon_plus icon_plus\"><\/span>\n\t\t<span class=\"mkdf_icon_minus icon_minus-06\"><\/span>\n\t<\/span>\n\t<span class=\"mkdf-tab-title\">Existe-t-il des contre-indications au massage?<\/span>\n<\/h5>\n<div class=\"mkdf-accordion-content\">\n\t<div class=\"mkdf-accordion-content-inner\">\n\t\t[vc_column_text]\u00c9vitez les massages en cas de fi\u00e8vre, de situations inflammatoires aigu\u00ebs, de probl\u00e8mes circulatoires, de maladies syst\u00e9miques comme le cancer, de plaies, de blessures, de fractures ou de probl\u00e8mes dermatologiques infectieux.[\/vc_column_text]\t<\/div>\n<\/div><\/div><div class=\"mkdf-accordion-holder mkdf-ac-default  mkdf-toggle mkdf-ac-simple  clearfix\">\n\t<h5 class=\"mkdf-accordion-title\">\n    <span class=\"mkdf-accordion-mark\">\n\t\t<span class=\"mkdf_icon_plus icon_plus\"><\/span>\n\t\t<span class=\"mkdf_icon_minus icon_minus-06\"><\/span>\n\t<\/span>\n\t<span class=\"mkdf-tab-title\">Combien de s\u00e9ances pour prolonger les bienfaits d&#039;un massage ?<\/span>\n<\/h5>\n<div class=\"mkdf-accordion-content\">\n\t<div class=\"mkdf-accordion-content-inner\">\n\t\t[vc_column_text]<\/p>\n<p dir=\"auto\">Le massage lib\u00e8re l&rsquo;esprit, d\u00e9tend le corps, r\u00e9duit le stress et l&rsquo;anxi\u00e9t\u00e9, offrant ainsi un v\u00e9ritable soulagement aux maux du quotidien. Il favorise un \u00e9tat physique et psychologique am\u00e9lior\u00e9 tout en redynamisant l&rsquo;\u00e9nergie. Une s\u00e9ance mensuelle est recommand\u00e9e pour prolonger les bienfaits du massage.<\/p>\n<p>[\/vc_column_text]\t<\/div>\n<\/div><\/div><div class=\"mkdf-accordion-holder mkdf-ac-default  mkdf-toggle mkdf-ac-simple  clearfix\">\n\t<h5 class=\"mkdf-accordion-title\">\n    <span class=\"mkdf-accordion-mark\">\n\t\t<span class=\"mkdf_icon_plus icon_plus\"><\/span>\n\t\t<span class=\"mkdf_icon_minus icon_minus-06\"><\/span>\n\t<\/span>\n\t<span class=\"mkdf-tab-title\">Pouvons-nous associer un massage \u00e0 d&#039;autres prestations ?<\/span>\n<\/h5>\n<div class=\"mkdf-accordion-content\">\n\t<div class=\"mkdf-accordion-content-inner\">\n\t\t[vc_column_text]<\/p>\n<p dir=\"auto\">Oui, c&rsquo;est envisageable. Nous devrons convenir ensemble des d\u00e9tails lors de notre \u00e9change t\u00e9l\u00e9phonique ou par mail.<\/p>\n<p>[\/vc_column_text]\t<\/div>\n<\/div><\/div><div class=\"mkdf-accordion-holder mkdf-ac-default  mkdf-toggle mkdf-ac-simple  clearfix\">\n\t<h5 class=\"mkdf-accordion-title\">\n    <span class=\"mkdf-accordion-mark\">\n\t\t<span class=\"mkdf_icon_plus icon_plus\"><\/span>\n\t\t<span class=\"mkdf_icon_minus icon_minus-06\"><\/span>\n\t<\/span>\n\t<span class=\"mkdf-tab-title\">La douche avant ou apr\u00e8s le massage ?<\/span>\n<\/h5>\n<div class=\"mkdf-accordion-content\">\n\t<div class=\"mkdf-accordion-content-inner\">\n\t\t[vc_column_text]<\/p>\n<p dir=\"auto\">Je sugg\u00e8re\u00a0de prendre une douche avant le massage pour faciliter l&rsquo;absorption de l&rsquo;huile et optimiser ses bienfaits pour la peau. Il est pr\u00e9f\u00e9rable d&rsquo;\u00e9viter de se doucher imm\u00e9diatement apr\u00e8s la s\u00e9ance.<\/p>\n<p>[\/vc_column_text]\t<\/div>\n<\/div><\/div><div class=\"mkdf-accordion-holder mkdf-ac-default  mkdf-toggle mkdf-ac-simple  clearfix\">\n\t<h5 class=\"mkdf-accordion-title\">\n    <span class=\"mkdf-accordion-mark\">\n\t\t<span class=\"mkdf_icon_plus icon_plus\"><\/span>\n\t\t<span class=\"mkdf_icon_minus icon_minus-06\"><\/span>\n\t<\/span>\n\t<span class=\"mkdf-tab-title\">Il y a des parties de mon corps que je ne veux pas que l&#039;on touche !<\/span>\n<\/h5>\n<div class=\"mkdf-accordion-content\">\n\t<div class=\"mkdf-accordion-content-inner\">\n\t\t[vc_column_text]Veuillez le pr\u00e9ciser lors de nos \u00e9changes t\u00e9l\u00e9phoniques ou le jour du massage afin que je puisse adapter la s\u00e9ance \u00e0 vos pr\u00e9f\u00e9rences et assurer votre confort.[\/vc_column_text]\t<\/div>\n<\/div><\/div><div class=\"mkdf-accordion-holder mkdf-ac-default  mkdf-toggle mkdf-ac-simple  clearfix\">\n\t<h5 class=\"mkdf-accordion-title\">\n    <span class=\"mkdf-accordion-mark\">\n\t\t<span class=\"mkdf_icon_plus icon_plus\"><\/span>\n\t\t<span class=\"mkdf_icon_minus icon_minus-06\"><\/span>\n\t<\/span>\n\t<span class=\"mkdf-tab-title\">Que dois-je-faire avant le massage ?<\/span>\n<\/h5>\n<div class=\"mkdf-accordion-content\">\n\t<div class=\"mkdf-accordion-content-inner\">\n\t\t[vc_column_text]<\/p>\n<p dir=\"auto\">Soyez aussi d\u00e9tendue que possible et \u00e9vitez le stress. Dites-moi vos pr\u00e9f\u00e9rences de pression et vos probl\u00e8mes \u00e9ventuels au d\u00e9but de la s\u00e9ance. Je suis l\u00e0 pour vous aider, sauf en cas de probl\u00e8me m\u00e9dical.<\/p>\n<p>[\/vc_column_text]\t<\/div>\n<\/div><\/div><div class=\"mkdf-accordion-holder mkdf-ac-default  mkdf-toggle mkdf-ac-simple  clearfix\">\n\t<h5 class=\"mkdf-accordion-title\">\n    <span class=\"mkdf-accordion-mark\">\n\t\t<span class=\"mkdf_icon_plus icon_plus\"><\/span>\n\t\t<span class=\"mkdf_icon_minus icon_minus-06\"><\/span>\n\t<\/span>\n\t<span class=\"mkdf-tab-title\">Je cherche une id\u00e9e de cadeau originale pour un anniversaire, un \u00e9v\u00e9nement ou une grande occasion. Proposez-vous des cartes-cadeaux pour soins ou massages ?<\/span>\n<\/h5>\n<div class=\"mkdf-accordion-content\">\n\t<div class=\"mkdf-accordion-content-inner\">\n\t\t[vc_column_text]<\/p>\n<p dir=\"auto\">Absolument ! Pour un anniversaire, une f\u00eate ou toute autre grande occasion, mes cartes-cadeaux pour soins et massages constituent le pr\u00e9sent id\u00e9al. Disponibles en plusieurs formules, elles s&rsquo;adaptent \u00e0 tous les besoins,\u00a0 \u00e0 tous les budgets et offrent une exp\u00e9rience de d\u00e9tente personnalis\u00e9e. Elles sont valables un an, garantissant ainsi flexibilit\u00e9 et satisfaction. Pour d\u00e9couvrir les options ou pour les acqu\u00e9rir, je vous invite \u00e0 me contacter via le formulaire de contact ou par t\u00e9l\u00e9phone.<\/p>\n<p>[\/vc_column_text]\t<\/div>\n<\/div><\/div>[\/vc_column][vc_column width=\u00a0\u00bb1\/2&Prime;]<div class=\"mkdf-accordion-holder mkdf-ac-default  mkdf-toggle mkdf-ac-simple  clearfix\">\n\t<h5 class=\"mkdf-accordion-title\">\n    <span class=\"mkdf-accordion-mark\">\n\t\t<span class=\"mkdf_icon_plus icon_plus\"><\/span>\n\t\t<span class=\"mkdf_icon_minus icon_minus-06\"><\/span>\n\t<\/span>\n\t<span class=\"mkdf-tab-title\">Que dois-je-faire pendant le massage ?<\/span>\n<\/h5>\n<div class=\"mkdf-accordion-content\">\n\t<div class=\"mkdf-accordion-content-inner\">\n\t\t[vc_column_text]<\/p>\n<p dir=\"auto\">Relaxez vous pleinement et lib\u00e9rez votre esprit. Je m&rsquo;occupe du reste pour vous procurer bien-\u00eatre et s\u00e9r\u00e9nit\u00e9.<\/p>\n<p>[\/vc_column_text]\t<\/div>\n<\/div><\/div><div class=\"mkdf-accordion-holder mkdf-ac-default  mkdf-toggle mkdf-ac-simple  clearfix\">\n\t<h5 class=\"mkdf-accordion-title\">\n    <span class=\"mkdf-accordion-mark\">\n\t\t<span class=\"mkdf_icon_plus icon_plus\"><\/span>\n\t\t<span class=\"mkdf_icon_minus icon_minus-06\"><\/span>\n\t<\/span>\n\t<span class=\"mkdf-tab-title\">Quelles sont les huiles utilis\u00e9es ?<\/span>\n<\/h5>\n<div class=\"mkdf-accordion-content\">\n\t<div class=\"mkdf-accordion-content-inner\">\n\t\t[vc_column_text]Les produits utilis\u00e9s sont exclusivement d&rsquo;origine biologique, tels que l&rsquo;huile de s\u00e9same, l&rsquo;huile de coco, l&rsquo;huile de th\u00e9 blanc, l&rsquo;huile d&rsquo;amande, s\u00e9lectionn\u00e9s en fonction des massages.[\/vc_column_text]\t<\/div>\n<\/div><\/div><div class=\"mkdf-accordion-holder mkdf-ac-default  mkdf-toggle mkdf-ac-simple  clearfix\">\n\t<h5 class=\"mkdf-accordion-title\">\n    <span class=\"mkdf-accordion-mark\">\n\t\t<span class=\"mkdf_icon_plus icon_plus\"><\/span>\n\t\t<span class=\"mkdf_icon_minus icon_minus-06\"><\/span>\n\t<\/span>\n\t<span class=\"mkdf-tab-title\">Que dois-je-faire apr\u00e8s le massage ?<\/span>\n<\/h5>\n<div class=\"mkdf-accordion-content\">\n\t<div class=\"mkdf-accordion-content-inner\">\n\t\t[vc_column_text]<\/p>\n<div dir=\"auto\">\n<p dir=\"auto\">\u00c0 la fin de la s\u00e9ance, prenez le temps de vous relever et si n\u00e9cessaire, restez allong\u00e9e quelques instants. L&rsquo;hydratation rev\u00eat une importance capitale apr\u00e8s un massage. Je vous propose une tisane \u00e0 la fin de chaque s\u00e9ance, et il est fortement recommand\u00e9 de boire abondamment de l&rsquo;eau pendant deux jours apr\u00e8s le massage. Cela permet \u00e0 votre corps d&rsquo;\u00e9liminer efficacement les toxines, favorisant ainsi une r\u00e9hydratation des tissus et une att\u00e9nuation des courbatures post-massage. D\u00e9tendez-vous et permettez \u00e0 votre corps de retrouver son \u00e9quilibre.<\/p>\n<p dir=\"auto\">\n<\/div>\n<p>[\/vc_column_text]\t<\/div>\n<\/div><\/div><div class=\"mkdf-accordion-holder mkdf-ac-default  mkdf-toggle mkdf-ac-simple  clearfix\">\n\t<h5 class=\"mkdf-accordion-title\">\n    <span class=\"mkdf-accordion-mark\">\n\t\t<span class=\"mkdf_icon_plus icon_plus\"><\/span>\n\t\t<span class=\"mkdf_icon_minus icon_minus-06\"><\/span>\n\t<\/span>\n\t<span class=\"mkdf-tab-title\">Quels sont les produits utilis\u00e9s pour les soins du visage et du corps ?<\/span>\n<\/h5>\n<div class=\"mkdf-accordion-content\">\n\t<div class=\"mkdf-accordion-content-inner\">\n\t\t[vc_column_text]<\/p>\n<p dir=\"auto\">Les produits que j&rsquo;utilise sont exclusivement des produits bio de la marque Kerali \u00e0 base de plantes ayurv\u00e9diques et de la marque L\u00e9onia au th\u00e9 blanc.<\/p>\n<p>[\/vc_column_text]\t<\/div>\n<\/div><\/div><div class=\"mkdf-accordion-holder mkdf-ac-default  mkdf-toggle mkdf-ac-simple  clearfix\">\n\t<h5 class=\"mkdf-accordion-title\">\n    <span class=\"mkdf-accordion-mark\">\n\t\t<span class=\"mkdf_icon_plus icon_plus\"><\/span>\n\t\t<span class=\"mkdf_icon_minus icon_minus-06\"><\/span>\n\t<\/span>\n\t<span class=\"mkdf-tab-title\">Quels types d&#039;\u00e9pilation proposez-vous?<\/span>\n<\/h5>\n<div class=\"mkdf-accordion-content\">\n\t<div class=\"mkdf-accordion-content-inner\">\n\t\t[vc_column_text]<\/p>\n<p dir=\"auto\">Je propose des s\u00e9ances d&rsquo;\u00e9pilation \u00e0 la cire bio\/naturelle, avec ou sans bande, adapt\u00e9es \u00e0 toutes les parties du corps, ainsi que des s\u00e9ances d&rsquo;\u00e9pilation au fil sp\u00e9cialement con\u00e7ues pour le visage.<\/p>\n<p>[\/vc_column_text]\t<\/div>\n<\/div><\/div><div class=\"mkdf-accordion-holder mkdf-ac-default  mkdf-toggle mkdf-ac-simple  clearfix\">\n\t<h5 class=\"mkdf-accordion-title\">\n    <span class=\"mkdf-accordion-mark\">\n\t\t<span class=\"mkdf_icon_plus icon_plus\"><\/span>\n\t\t<span class=\"mkdf_icon_minus icon_minus-06\"><\/span>\n\t<\/span>\n\t<span class=\"mkdf-tab-title\">Qu&#039;est-ce que l&#039;\u00e9pilation au fil ?<\/span>\n<\/h5>\n<div class=\"mkdf-accordion-content\">\n\t<div class=\"mkdf-accordion-content-inner\">\n\t\t[vc_column_text]<\/p>\n<p dir=\"auto\">L&rsquo;\u00e9pilation au fil, une pratique r\u00e9pandue en Inde et dans plusieurs r\u00e9gions d&rsquo;Asie du Sud-Est, consiste \u00e0 capturer les poils entre deux fils de coton torsad\u00e9s. Un mouvement de la main accro\u00eet la torsion du fil, arrachant ainsi les poils \u00e0 la racine garantissant une \u00e9pilation nette et pr\u00e9cise, sans risque de casse des poils, contrairement \u00e0 d&rsquo;autres m\u00e9thodes.<\/p>\n<p>[\/vc_column_text]\t<\/div>\n<\/div><\/div><div class=\"mkdf-accordion-holder mkdf-ac-default  mkdf-toggle mkdf-ac-simple  clearfix\">\n\t<h5 class=\"mkdf-accordion-title\">\n    <span class=\"mkdf-accordion-mark\">\n\t\t<span class=\"mkdf_icon_plus icon_plus\"><\/span>\n\t\t<span class=\"mkdf_icon_minus icon_minus-06\"><\/span>\n\t<\/span>\n\t<span class=\"mkdf-tab-title\">Pour qui s&#039;adresse l&#039;\u00e9pilation au fil ?<\/span>\n<\/h5>\n<div class=\"mkdf-accordion-content\">\n\t<div class=\"mkdf-accordion-content-inner\">\n\t\t[vc_column_text]<\/p>\n<div dir=\"auto\">\n<p dir=\"auto\">L&rsquo;\u00e9pilation au fil convient \u00e0 tout le monde, y compris aux personnes \u00e0 la peau sensible, car elle n&rsquo;implique aucun produit chimique ni chaleur, r\u00e9duisant ainsi les risques d&rsquo;irritations et de rougeurs.<\/p>\n<p dir=\"auto\">\n<\/div>\n<p>[\/vc_column_text]\t<\/div>\n<\/div><\/div><div class=\"mkdf-accordion-holder mkdf-ac-default  mkdf-toggle mkdf-ac-simple  clearfix\">\n\t<h5 class=\"mkdf-accordion-title\">\n    <span class=\"mkdf-accordion-mark\">\n\t\t<span class=\"mkdf_icon_plus icon_plus\"><\/span>\n\t\t<span class=\"mkdf_icon_minus icon_minus-06\"><\/span>\n\t<\/span>\n\t<span class=\"mkdf-tab-title\">L&#039;\u00e9pilation au fil est-elle douloureuse ?<\/span>\n<\/h5>\n<div class=\"mkdf-accordion-content\">\n\t<div class=\"mkdf-accordion-content-inner\">\n\t\t[vc_column_text]<\/p>\n<div dir=\"auto\">\n<p dir=\"auto\">Si l&rsquo;\u00e9pilation au fil n&rsquo;est pas douloureuse, elle peut susciter des sensations qui sont parfois compar\u00e9es \u00e0 des picotements ou des sensations de l\u00e9ger inconfort. Ces ressentis peuvent varier d&rsquo;une personne \u00e0 l&rsquo;autre.<\/p>\n<p dir=\"auto\">\n<\/div>\n<p>[\/vc_column_text]\t<\/div>\n<\/div><\/div><div class=\"mkdf-accordion-holder mkdf-ac-default  mkdf-toggle mkdf-ac-simple  clearfix\">\n\t<h5 class=\"mkdf-accordion-title\">\n    <span class=\"mkdf-accordion-mark\">\n\t\t<span class=\"mkdf_icon_plus icon_plus\"><\/span>\n\t\t<span class=\"mkdf_icon_minus icon_minus-06\"><\/span>\n\t<\/span>\n\t<span class=\"mkdf-tab-title\">Comment l&#039;\u00e9pilation au fil peut-elle transformer mon regard ? <\/span>\n<\/h5>\n<div class=\"mkdf-accordion-content\">\n\t<div class=\"mkdf-accordion-content-inner\">\n\t\t[vc_column_text]<\/p>\n<div dir=\"auto\">\n<p>L&rsquo;\u00e9pilation au fil redessine vos sourcils pour souligner et valoriser votre regard. Cette technique pr\u00e9cise \u00e9limine les poils superflus, permettant de cr\u00e9er une forme id\u00e9ale qui cadre parfaitement avec vos yeux. Le r\u00e9sultat ? Un regard plus ouvert et expressif, avec des sourcils parfaitement d\u00e9finis pour un effet naturel et soign\u00e9.<\/p>\n<p dir=\"auto\">\n<\/div>\n<p>[\/vc_column_text]\t<\/div>\n<\/div><\/div><div class=\"mkdf-accordion-holder mkdf-ac-default  mkdf-toggle mkdf-ac-simple  clearfix\">\n\t<h5 class=\"mkdf-accordion-title\">\n    <span class=\"mkdf-accordion-mark\">\n\t\t<span class=\"mkdf_icon_plus icon_plus\"><\/span>\n\t\t<span class=\"mkdf_icon_minus icon_minus-06\"><\/span>\n\t<\/span>\n\t<span class=\"mkdf-tab-title\">Quelles sont vos heures d\u2019ouverture ?<\/span>\n<\/h5>\n<div class=\"mkdf-accordion-content\">\n\t<div class=\"mkdf-accordion-content-inner\">\n\t\t[vc_column_text]<\/p>\n<p dir=\"auto\">L&rsquo;institut est ouvert tous les jours, sur rendez-vous. Pour planifier votre s\u00e9ance, contactez-moi au 06.72.76.11.19 ou via la section contact du site internet.<\/p>\n<p>[\/vc_column_text]\t<\/div>\n<\/div><\/div><div class=\"mkdf-accordion-holder mkdf-ac-default  mkdf-toggle mkdf-ac-simple  clearfix\">\n\t<h5 class=\"mkdf-accordion-title\">\n    <span class=\"mkdf-accordion-mark\">\n\t\t<span class=\"mkdf_icon_plus icon_plus\"><\/span>\n\t\t<span class=\"mkdf_icon_minus icon_minus-06\"><\/span>\n\t<\/span>\n\t<span class=\"mkdf-tab-title\">Peut-on prendre un rendez-vous en ligne ?<\/span>\n<\/h5>\n<div class=\"mkdf-accordion-content\">\n\t<div class=\"mkdf-accordion-content-inner\">\n\t\t[vc_column_text]<\/p>\n<div dir=\"auto\">\n<p dir=\"auto\">Oui, vous pouvez prendre rendez-vous directement sur mon site et je vous contacterai pour la confirmation.<\/p>\n<p dir=\"auto\">\n<\/div>\n<p>[\/vc_column_text]\t<\/div>\n<\/div><\/div><div class=\"mkdf-accordion-holder mkdf-ac-default  mkdf-toggle mkdf-ac-simple  clearfix\">\n\t<h5 class=\"mkdf-accordion-title\">\n    <span class=\"mkdf-accordion-mark\">\n\t\t<span class=\"mkdf_icon_plus icon_plus\"><\/span>\n\t\t<span class=\"mkdf_icon_minus icon_minus-06\"><\/span>\n\t<\/span>\n\t<span class=\"mkdf-tab-title\">Quels moyens de paiement acceptez -vous ?<\/span>\n<\/h5>\n<div class=\"mkdf-accordion-content\">\n\t<div class=\"mkdf-accordion-content-inner\">\n\t\t[vc_column_text]<\/p>\n<p dir=\"auto\">Le r\u00e8glement se fait \u00e0 la fin de la s\u00e9ance, soit par ch\u00e8que, soit en esp\u00e8ces.<\/p>\n<p>[\/vc_column_text]\t<\/div>\n<\/div><\/div>[\/vc_column][\/vc_row][vc_row][vc_column width=\u00a0\u00bb1\/2&Prime;][\/vc_column][vc_column width=\u00a0\u00bb1\/2&Prime;][vc_empty_space][\/vc_column][\/vc_row]<\/p>\n","protected":false},"excerpt":{"rendered":"<p>[vc_row row_content_width=\u00a0\u00bbgrid\u00a0\u00bb simple_background_color=\u00a0\u00bb#ffffff\u00a0\u00bb css=\u00a0\u00bb.vc_custom_1710086263582{padding-top: 58px !important;padding-bottom: 32px !important;}\u00a0\u00bb][vc_column][\/vc_column][\/vc_row][vc_row row_content_width=\u00a0\u00bbgrid\u00a0\u00bb][vc_column width=\u00a0\u00bb1\/2&Prime;][\/vc_column][vc_column width=\u00a0\u00bb1\/2&Prime;][\/vc_column][\/vc_row][vc_row][vc_column width=\u00a0\u00bb1\/2&Prime;][\/vc_column][vc_column width=\u00a0\u00bb1\/2&Prime;][vc_empty_space][\/vc_column][\/vc_row]<\/p>\n","protected":false},"author":1,"featured_media":0,"parent":0,"menu_order":0,"comment_status":"closed","ping_status":"closed","template":"full-width.php","meta":{"footnotes":""},"class_list":["post-4693","page","type-page","status-publish","hentry"],"_links":{"self":[{"href":"https:\/\/ojaslo.fr\/index.php\/wp-json\/wp\/v2\/pages\/4693","targetHints":{"allow":["GET"]}}],"collection":[{"href":"https:\/\/ojaslo.fr\/index.php\/wp-json\/wp\/v2\/pages"}],"about":[{"href":"https:\/\/ojaslo.fr\/index.php\/wp-json\/wp\/v2\/types\/page"}],"author":[{"embeddable":true,"href":"https:\/\/ojaslo.fr\/index.php\/wp-json\/wp\/v2\/users\/1"}],"replies":[{"embeddable":true,"href":"https:\/\/ojaslo.fr\/index.php\/wp-json\/wp\/v2\/comments?post=4693"}],"version-history":[{"count":51,"href":"https:\/\/ojaslo.fr\/index.php\/wp-json\/wp\/v2\/pages\/4693\/revisions"}],"predecessor-version":[{"id":4816,"href":"https:\/\/ojaslo.fr\/index.php\/wp-json\/wp\/v2\/pages\/4693\/revisions\/4816"}],"wp:attachment":[{"href":"https:\/\/ojaslo.fr\/index.php\/wp-json\/wp\/v2\/media?parent=4693"}],"curies":[{"name":"wp","href":"https:\/\/api.w.org\/{rel}","templated":true}]}}